mmon factor of 25622 and 41814?
46
Calculate the greatest common divisor of 44193563 and 48393.
5377
Calculate the greatest common factor of 83409136 and 1940.
388
Calculate the greatest common factor of 204213840 and 240.
240
Calculate the highest common divisor of 15467382 and 1972.
986
Calculate the greatest common factor of 109339 and 7418548.
2063
Calculate the greatest common factor of 95 and 25041658.
19
What is the greatest common divisor of 50967518 and 14?
14
What is the greatest common factor of 31124847 and 135687?
4377
Calculate the greatest common divisor of 763878 and 102714.
102
Calculate the highest common divisor of 59631 and 2139071.
1529
Calculate the greatest common divisor of 13477700 and 1300.
100
What is the greatest common factor of 5 and 38137870?
5
What is the greatest common divisor of 5257076 and 1956?
652
Calculate the highest common factor of 149295 and 11567.
269
What is the greatest common factor of 17040 and 634404880?
5680
Calculate the highest common factor of 693 and 179771823.
693
Calculate the highest common divisor of 896104 and 34936.
88
Calculate the highest common factor of 2863463554 and 14.
14
Calculate the greatest common factor of 849 and 35707808.
283
Calculate the greatest common divisor of 6349135 and 455.
65
What is the highest common factor of 725938621 and 173?
173
Calculate the highest common factor of 137417937 and 4674.
2337
Calculate the greatest common factor of 2791152 and 27846.
1638
Calculate the greatest common factor of 36779172 and 18672.
4668
Calculate the greatest common factor of 47280 and 20130.
30
What is the highest common divisor of 4280233 and 3545?
709
What is the highest common divisor of 33 and 26515797?
33
Calculate the greatest common divisor of 945 and 4421655.
945
What is the highest common divisor of 5121620 and 140?
140
What is the highest common factor of 156111 and 37077?
51
Calculate the highest common factor of 7447043 and 1.
1
Calculate the greatest common divisor of 4306641 and 381.
3
Calculate the greatest common divisor of 40575 and 101708.
541
What is the highest common factor of 53036 and 220?
4
What is the greatest common factor of 952 and 479404?
4
Calculate the highest common factor of 191875 and 164375.
625
What is the greatest common factor of 612 and 182724?
12
What is the highest common factor of 54225 and 58675?
25
What is the greatest common factor of 3576 and 129505287?
447
What is the highest common divisor of 470 and 33508180?
470
Calculate the highest common divisor of 1064150 and 540.
10
What is the highest common factor of 11327 and 268699?
47
What is the greatest common divisor of 12951470 and 140?
70
What is the highest common divisor of 5938883 and 46667?
2029
Calculate the highest common factor of 411234369 and 3094.
1547
Calculate the greatest common divisor of 1827936 and 672.
96
What is the greatest common divisor of 4176200 and 46900?
700
What is the greatest common divisor of 11578686 and 14322?
1302
What is the highest common factor of 1405746 and 144?
18
What is the highest common factor of 55072 and 26160921?
1721
Calculate the greatest common factor of 74115 and 54480.
15
Calculate the greatest common factor of 399 and 193154178.
21
What is the greatest common divisor of 120812 and 1496?
4
Calculate the greatest common factor of 42917027 and 34.
17
What is the highest common factor of 38 and 26759163?
19
Calculate the greatest common factor of 1994680 and 230770.
470
Calculate the greatest common factor of 60781 and 447860.
3199
What is the greatest common factor of 8550 and 13734150?
2850
Calculate the greatest common factor of 25686459 and 8607.
453
What is the greatest common divisor of 2347598 and 1241?
17
What is the greatest common divisor of 135982 and 200794?
22
What is the highest common factor of 640 and 942625?
5
Calculate the highest common divisor of 4496 and 173296.
16
Calculate the highest common factor of 7588554 and 317397.
1317
What is the greatest common factor of 1777048 and 11648?
728
Calculate the greatest common factor of 5130 and 3684290.
190
What is the greatest common divisor of 1884834 and 162?
18
Calculate the greatest common divisor of 62831 and 51045.
83
Calculate the greatest common factor of 28708577 and 529.
23
What is the highest common factor of 5852968 and 29007?
3223
Calculate the highest common factor of 32 and 426893.
1
What is the greatest common factor of 42 and 85291311?
21
Calculate the greatest common divisor of 2021603 and 124.
31
What is the greatest common divisor of 9148335 and 18120?
2265
What is the highest common divisor of 1218550 and 9175?
25
Calculate the highest common factor of 584415 and 204425.
2405
What is the highest common divisor of 384 and 27394464?
96
Calculate the highest common factor of 6156 and 1214892.
108
Calculate the greatest common divisor of 20478608 and 16.
16
Calculate the greatest common divisor of 7726336 and 1024.
256
Calculate the greatest common divisor of 814 and 987937.
37
Calculate the greatest common divisor of 419950 and 5402.
74
Calculate the greatest common divisor of 41971 and 43193.
47
What is the greatest common divisor of 7137 and 1535818167?
7137
Calculate the greatest common divisor of 10093818 and 1683.
51
What is the greatest common divisor of 323159 and 8633?
89
What is the highest common divisor of 5703448 and 41768?
184
What is the highest common factor of 9523598 and 38?
38
Calculate the highest common factor of 4239 and 7641.
27
What is the highest common divisor of 1742031 and 1296?
9
Calculate the highest common factor of 34398 and 432378.
54
What is the greatest common factor of 3168 and 2049744?
48
Calculate the greatest common divisor of 24385809 and 8897.
217
Calculate the greatest common factor of 581083825 and 6275.
6275
What is the highest common factor of 15672 and 1373700?
12
Calculate the greatest common factor of 10332 and 921123.
63
Calculate the greatest common factor of 681414 and 3.
3
What is the highest common factor of 477 and 725427?
9
Calculate the greatest common divisor of 16415424 and 9216.
576
Calculate the highest common divisor of 125415085 and 1525.
305
Calculate the highest common factor of 9610 and 95029570.
310
What is the highest common divisor of 70078 and 3596706?
1894
Calculate the highest common factor of 9490010 and 15.
5
Calculate the highest common divisor of 42336 and 8571472.
784
What is the highest common divisor of 1950 and 1041950?
650
Calculate the greatest common divisor of 255 and 63704670.
15
Calculate the highest common factor of 26200 and 3287314.
262
Calculate the highest common factor of 1965460 and 6860.
140
Calculate the greatest common divisor of 2484 and 71910788.
92
What is the highest common factor of 126616 and 292334?
1862
Calculate the highest common divisor of 596 and 1773028.
4
Calculate the highest common divisor of 22 and 38307357.
11
Calculate the highest common factor of 330 and 470415.
165
Calculate the greatest common factor of 1056259 and 8636.
127
Calculate the highest common factor of 4062 and 3816926.
1354
What is the greatest common factor of 200 and 6439850?
50
Calculate the greatest common divisor of 80988692 and 28716.
9572
What is the highest common factor of 3225884 and 708?
236
Calculate the greatest common divisor of 501939 and 2451.
129
Calculate the highest common factor of 22547624 and 484.
484
What is the highest common factor of 432 and 23230188?
36
Calculate the highest common factor of 1931711 and 16989425.
5351
Calculate the greatest common factor of 225 and 59082165.
45
Calculate the greatest common divisor of 45018924 and 561.
51
What is the greatest common factor of 60537 and 16167?
51
Calculate the greatest common factor of 29396887 and 4238.
2119
Calculate the highest common factor of 92391421 and 35147.
5021
Calculate the greatest common factor of 382 and 5479981.
191
What is the highest common factor of 876 and 7486548?
12
What is the greatest common divisor of 7990 and 272000?
170
Calculate the greatest common factor of 12096 and 310338.
378
Calculate the greatest common factor of 723364 and 19300.
772
Calculate the greatest common divisor of 205258 and 72794.
34
Calculate the highest common factor of 20454960 and 240.
240
What